et u(k) be the second derivative of -k**3/2 + 12*k**2 + 37*k. Let z be u(7). Let v(m) = m + 3. Let r be v(6). Calculate the greatest common divisor of z and r.
3
Let p(g) = -2*g**3 - 6*g**2 - g + 2. Let y be p(-4). Let d be (760/(-14))/(2/(-14)). Let b be (-24)/16*d/(-6). Calculate the greatest common factor of y and b.
19
Let d(h) = -3*h. Let b be d(-8). Let p = -110 + b. Let q be p/(-8) + (-6)/8. Calculate the highest common divisor of q and 10.
10
Suppose -6*v + 280 = 8*v. Suppose 5*a - 448 = a - 3*j, -2*a = 4*j - 214. Suppose -a = -5*m + 135. What is the greatest common divisor of v and m?
10
Suppose -27*w + 139 = 5*c - 28*w, 0 = 4*c + 5*w - 88. Calculate the greatest common factor of c and 621.
27
Let d(a) = a**2 - 19*a + 23. Let z be d(18). Suppose -34 = -z*b + 26. Calculate the highest common divisor of 12 and b.
12
Let p = -24 + 28. What is the greatest common factor of p and 5?
1
Let w be (-86)/(-43) + (0 - -50). Calculate the highest common divisor of 26 and w.
26
Suppose 4*j - 216 = 10*j. Let c be (j/21)/(2/(-35)). What is the highest common divisor of 15 and c?
15
Let m be (-253)/(-5) + (2 - (-8)/(-5)). What is the greatest common factor of 3 and m?
3
Let v be 207 - 20/(-4)*(-3)/(-3). What is the greatest common divisor of 53 and v?
53
Suppose -d + 77 - 70 = 0. Calculate the greatest common factor of 56 and d.
7
Let f(p) = -p**3 - 2*p**2 - 5*p - 7. Let w be f(-4). Let u = w + -35. What is the highest common factor of u and 110?
10
Let g be (-1 - -2)*6580/10. Calculate the highest common factor of g and 14.
14
Let r(q) = q**3 - 20*q**2 + 10*q - 23. Let j be r(20). What is the highest common factor of 3 and j?
3
Let v be ((-264)/(-14))/((-7)/(588/(-24))). What is the highest common factor of v and 330?
66
Let v = -6 - -1. Let r(l) = 2*l**2 - 6*l. Let w be r(v). Suppose 5*i - 20 = 0, 3*f - 10 = -0*i + 5*i. What is the highest common factor of w and f?
10
Let i(u) = u**2 - 7*u + 6. Let b(o) = -o**2 + 7*o - 5. Let f(y) = 3*b(y) + 4*i(y). Let w be f(6). What is the highest common divisor of 27 and w?
3
Let p be 16/(-20) - (-1428)/85. Calculate the highest common factor of p and 3.
1
Let l be (-9)/(-12)*(175 + -23). Calculate the highest common factor of 874 and l.
38
Let w = -274 + 317. Calculate the greatest common factor of 43 and w.
43
Let a = 23 - 29. Let f be (5 + -8)/(a/4). Let c be -5 - 1/(-1) - -14. Calculate the highest common factor of f and c.
2
Let a be 4/4 + (5 - 266). Let q = -148 - a. What is the highest common factor of q and 14?
14
Let x = -18 - -18. Let i be (6 - 5) + x + 4. Suppose 0 = i*a - 9*a + 60. Calculate the highest common factor of 10 and a.
5
Let n = -45 - -47. Suppose -4*x + 3*k - 27 = -5*x, 4*x = n*k + 66. Calculate the greatest common divisor of x and 54.
18
Let m be ((-56)/21)/(20/(-45)). What is the highest common divisor of m and 1626?
6
Let t(k) = -k**3 + 7*k**2 + 12*k + 11. Let r be t(9). Let w = 54 + r. Calculate the highest common factor of 121 and w.
11
Suppose -3*p + 4*b = -108, 5*p - 253 = -5*b - 73. Let d be 1*(-6 - -2) + 28. Calculate the highest common factor of p and d.
12
Suppose 550 - 90 = 4*s. What is the highest common factor of 184 and s?
23
Let c = -45 + 265. Suppose 1381*o = 1394*o - 260. Calculate the greatest common factor of o and c.
20
Let t be ((-2)/4*1)/((-4)/8). Let z be t*46 - (8 + (-2 - 3)). What is the greatest common divisor of z and 43?
43
Let c be -8 + 19 - (2 - 3). Suppose 0*a + 132 = 5*f + a, c = -4*a. Calculate the highest common factor of 216 and f.
27
Suppose 26*f + 221 - 2301 = 0. Let l = 13 + -3. Calculate the highest common divisor of l and f.
10
Suppose -4 = 4*u, -3*c + 483 = 9*u - 12*u. Let b be (192 + 0 - -2)/2. Let j = b - 33. Calculate the highest common factor of c and j.
32
Suppose 119*p - 120*p + 1 = 0. What is the greatest common factor of 7 and p?
1
Let f = -11 + 11. Suppose -3*j - j - 32 = f. Let m(q) = -q**2 - 10*q - 4. Let b be m(j). What is the highest common divisor of 6 and b?
6
Let b = 51 - 49. Suppose 33 = b*w + 9. What is the greatest common factor of 60 and w?
12
Let v(p) = 17*p + 850. Let r be v(-43). What is the highest common factor of r and 493?
17
Let i = -164 - -174. What is the greatest common factor of 490 and i?
10
Let d(x) = x**3 - 6*x**2 + 3. Let o be d(7). Suppose 8*v = 5*v + 234. What is the highest common factor of v and o?
26
Let s(t) = -8*t**2 - 3*t**3 + 39 - 17 + 20*t + 2*t**3 - 19. Let o be s(-10). Suppose 5*k + 0*k = 10. Calculate the highest common divisor of o and k.
1
Suppose -5*u - 2*z = -367, 6*u - 4*z - 391 = u. Calculate the highest common divisor of 60 and u.
15
Suppose 1 = -2*r + d + 233, 3*d - 6 = 0. Let l = 64 + -51. Calculate the greatest common factor of r and l.
13
Suppose 4*q + 3*w - 178 = 0, -5*w = 2*q - 34 - 62. What is the highest common factor of q and 387?
43
Suppose -36*b + 34*b = -434. Calculate the highest common factor of b and 7.
7
Suppose 0 = -4*d - 5*s + 200, -3*d - 6*s + 150 = -8*s. Calculate the highest common factor of d and 150.
50
Suppose -10 = -2*j + j. Let h = 15 + j. What is the highest common divisor of 5 and h?
5
Let u = 536 + -503. Calculate the highest common factor of u and 396.
33
Let d be (2/(6/(-5)))/((-4)/1212). What is the greatest common divisor of 303 and d?
101
Let h be (7 - 1) + (1 - -1). Let q = -798 - -810. What is the highest common divisor of h and q?
4
Suppose -4*o = -4*n - 109 + 729, 3*o = 5*n - 777. What is the highest common divisor of n and 12?
12
Let w = -214 + 314. Suppose -10*f + 2*f + 160 = 0. Calculate the greatest common divisor of w and f.
20
Suppose -3*s + 36 = 51. Let z be (-52)/s*(-7)/(42/(-15)). What is the highest common factor of z and 104?
26
Let z = -2 - 1. Let k(b) = 7*b**2 + 3 - 2*b**2 - 109*b + 107*b. Let d be k(z). What is the highest common factor of 18 and d?
18
Let q = -1166 - -2090. Calculate the greatest common divisor of 396 and q.
132
Let q(z) = -z**3 + 8*z**2 + 11*z - 13. Let g be q(7). Suppose 8 = -7*j + g. Suppose 0 = t - 3*t + 12. Calculate the greatest common divisor of t and j.
3
Suppose 0 = -7*o + 128 + 96. Suppose 2*z = 3*z + 2. Let i = z - -10. Calculate the highest common divisor of i and o.
8
Suppose s + 12 = -7*v + 8*v, 0 = -v - 2*s + 9. Suppose l + 282 = 3*y - 10, -119 = -y - 4*l. Calculate the greatest common divisor of y and v.
11
Let t be (-10)/5*1*3. Let x be 1036/16 + t/8. What is the greatest common factor of 160 and x?
32
Let h = 977 + -967. What is the highest common factor of 1790 and h?
10
Let t = 6 - 30. Let z = t - -36. Calculate the greatest common factor of 8 and z.
4
Suppose 0*h + 870 = 3*h. Suppose -3*t = -5*t + h. Suppose 3*x - 20 - t = 0. What is the highest common factor of x and 22?
11
Suppose 46*m = -m + 20163. Calculate the greatest common factor of 39 and m.
39
Let i(c) = -28*c - 42. Let q be i(-4). What is the greatest common divisor of 560 and q?
70
Suppose -40 = 8*y - 3*y. Let l be (y*1)/(6/(-15)). Let p be -1*l*(-1)/2. Calculate the highest common divisor of 70 and p.
10
Let v(q) = 16*q - 64. Let c be v(24). Suppose 4*x + c = 14*x. Calculate the highest common divisor of 48 and x.
16
Let c be (-1972)/(-14) - (-19)/133. Calculate the highest common factor of c and 47.
47
Let o be 13/((-9)/36 + (-14)/(-24)). What is the highest common divisor of o and 9?
3
Let o = 19 - 14. Suppose s - 190 = 4*i, o*i + 241 = -0*i + 3*s. Let t = -35 - i. What is the greatest common factor of t and 48?
12
Suppose -5*q + 18 = -s, q + 21 = 3*q - 5*s. Suppose -7*c + 17 = q. What is the greatest common factor of c and 18?
2
Suppose 0 = 23*r - 6*r - 442. Calculate the highest common divisor of r and 143.
13
Let h = 1361 + -1333. What is the highest common factor of h and 896?
28
Let h(b) = -15*b**3 - 4*b - 4. Let w be h(-1). What is the greatest common factor of w and 20?
5
Suppose -t + 2*j + 7 = 0, 50 = 5*t - 0*t + 5*j. What is the greatest common divisor of 72 and t?
9
Suppose -4*q - 5*k = -3148, -2*q + 1075 = 5*k - 509. Calculate the greatest common factor of q and 34.
34
Suppose -5*v + 5*q + 405 = 0, 64*v + 87 = 65*v + 5*q. Calculate the greatest common factor of 4 and v.
2
Let z(l) = -13*l + 4*l**2 - 7*l**2 - 17 + 5*l**2 - 3*l**2. Let b be z(-9). What is the highest common factor of 171 and b?
19
Suppose 4*j = 20, 3*j + 13